0
Convert -57a5 (base 13) to base 15.
-39a3
Convert 524654 (base 8) to base 5.
21041013
What is -3e05b (base 15) in base 14?
-52855
14748438 (base 9) to base 12
25680bb
49b5c4 (base 15) to base 5
1401002214
What is -2f5100 (base 16) in base 2?
-1011110101000100000000
3d6a7 (base 14) to base 3
21201211122
What is 125554352 (base 6) in base 8?
11470134
Convert 230212123 (base 5) to base 11.
639488
11100010001101101001010 (base 2) to base 11
4203186
3c1ba5 (base 13) to base 9
2665753
Convert -2212154 (base 6) to base 15.
-22bc7
Convert 45357 (base 12) to base 4.
112132303
Convert 100001010110101101011100 (base 2) to base 6.
511224232
21113022 (base 5) to base 14
48204
What is 314202223 (base 5) in base 2?
101000010000010010111
-2263516 (base 7) to base 9
-473357
62125 (base 15) to base 11
1a252a
Convert -125aea (base 15) to base 16.
-d6d62
What is 857943 (base 10) in base 7?
10202202
-136335 (base 7) to base 10
-26241
253315514 (base 6) to base 3
100021012112001
What is -5a953 (base 12) in base 8?
-356717
Convert 202000211112001 (base 3) to base 9.
22024461
What is 3864496 (base 11) in base 12?
22ab5aa
Convert 2bb3c0 (base 14) to base 4.
11311111030
Convert 72651 (base 9) to base 4.
23230231
Convert 1155164 (base 7) to base 13.
52646
Convert -2999a6 (base 12) to base 11.
-439961
What is 12221313 (base 5) in base 4?
130211123
Convert 1410c (base 14) to base 8.
140700
-210131 (base 6) to base 3
-212012001
What is 483823 (base 15) in base 10?
3454458
What is 15885142 (base 9) in base 5?
4020000233
What is 40763 (base 8) in base 4?
10013303
Convert 3231031222 (base 5) to base 3.
110222011222201
What is 4234100303 (base 5) in base 13?
1ac5228
Convert -30321023 (base 4) to base 3.
-2200102222
What is -2e9beb (base 16) in base 13?
-82c450
-268124a (base 11) to base 16
-469ed7
-803636 (base 11) to base 10
-1293166
Convert -511948 (base 12) to base 14.
-25013a
-2f482 (base 16) to base 4
-233102002
-467b2 (base 12) to base 13
-33cb9
Convert -39268 (base 13) to base 7.
-620455
What is -7306a9 (base 12) in base 16?
-1b8ae1
What is -23353 (base 6) in base 10?
-3381
-24b464 (base 12) to base 6
-20511004
-1c0e3 (base 15) to base 3
-11122021220
Convert 259a721 (base 12) to base 3.
111222000210021
-246175 (base 9) to base 10
-148865
32433103 (base 5) to base 7
2245334
What is 1454497 (base 10) in base 11?
903870
133203133 (base 4) to base 10
129247
-242415211 (base 6) to base 8
-21443627
What is -41873 (base 13) in base 9?
-188635
Convert -145643 (base 7) to base 8.
-67443
What is 399c07 (base 15) in base 12?
b15214
What is 23532015 (base 6) in base 3?
1101202021102
Convert 221251533 (base 6) to base 13.
a983b4
Convert 142bc9 (base 14) to base 3.
1022112021100
-1870073 (base 9) to base 3
-1222100002110
92789 (base 12) to base 6
4033053
What is 6250b6 (base 13) in base 3?
11022122112120
-15406 (base 11) to base 12
-10736
-641413 (base 7) to base 12
-54297
-1230634 (base 7) to base 10
-158785
Convert -335b9 (base 14) to base 10.
-124623
Convert -1111011001101110101 (base 2) to base 10.
-504693
What is -163042 (base 10) in base 6?
-3254454
Convert -1134261 (base 7) to base 9.
-237350
-19d106 (base 15) to base 5
-310242411
What is -119907 (base 15) in base 14?
-17cddd
Convert 407233 (base 10) to base 4.
1203123001
What is 3204055 (base 6) in base 13?
56273
Convert 1212012011 (base 3) to base 12.
19211
What is a214 (base 11) in base 15?
4047
Convert -1e99b (base 15) to base 16.
-186ce
-32101222 (base 4) to base 5
-3332344
What is -3373106 (base 9) in base 10?
-1819671
1881a5 (base 11) to base 2
1000110100100100111
What is 3322302 (base 5) in base 16?
e1e3
-14701 (base 14) to base 9
-76565
Convert -1551125 (base 6) to base 5.
-10423120
Convert 1236752 (base 9) to base 5.
133033320
What is -2436112 (base 8) in base 13?
-1a6427
What is -10257036 (base 8) in base 2?
-1000010101111000011110
93830 (base 12) to base 7
1432446
Convert 11120001000022 (base 3) to base 8.
11171762
107020 (base 10) to base 6
2143244
31023 (base 16) to base 13
704a6
Convert -15553764 (base 8) to base 11.
-2035440
Convert -43a88 (base 12) to base 7.
-522302
What is 54415 (base 11) in base 16?
134b5
Convert -2da3 (base 16) to base 7.
-46030
-1110100000011100 (base 2) to base 8
-164034
-2403310020 (base 5) to base 6
-314233351
1022001011200 (base 3) to base 13
1b1c56
What is 2150024 (base 6) in base 9?
173517
Convert 13bc0 (base 13) to base 8.
110457
4115433 (base 6) to base 4
300011031
Convert -1100011110111101 (base 2) to base 6.
-1032421
Convert -58e73 (base 16) to base 13.
-c9994
Convert 1511022 (base 9) to base 16.
cb9cc
What is 133684 (base 15) in base 16?
e14e1
What is -2d830 (base 15) in base 9?
-243540
What is -11143233 (base 7) in base 13?
-27bc37
What is 120102010000 (base 3) in base 14?
7c797
Convert 21020221220 (base 3) to base 12.
6a806
Convert 12012341320 (base 5) to base 4.
310213200313
What is -10223031331 (base 4) in base 11?
-76789a
19675a (base 12) to base 2
1101101000110110110
42213522 (base 7) to base 15
4a6c50
-15524132 (base 6) to base 9
-1036132
What is -82230 (base 10) in base 7?
-461511
What is 1061b27 (base 15) in base 14?
17a7d30
Convert -1704717 (base 9) to base 13.
-27281b
Convert 10254655 (base 7) to base 15.
12307d
Convert 7608853 (base 9) to base 15.
559259
24366a (base 11) to base 5
44313321
What is -103522 (base 8) in base 13?
-129ca
100111000011000 (base 2) to base 12
b6a0
What is 1526632 (base 7) in base 12?
a0a51
What is 7744e1 (base 16) in base 3?
112201010002221
What is -36260465 (base 7) in base 14?
-5dd2dc
What is -93134 (base 10) in base 15?
-1c8de
What is -2865133 (base 11) in base 15?
-674928
Convert -841861 (base 13) to base 6.
-150105144
66108 (base 16) to base 8
1460410
ec078 (base 15) to base 5
142434423
-1100100001001000110101 (base 2) to base 3
-20011201022121
What is -1135414 (base 7) in base 5?
-14043311
What is -2275ba (base 12) in base 13?
-1643aa
-6202251 (base 8) to base 9
-3068080
9519323 (base 10) to base 15
c80818
Convert -39a178 (base 11) to base 8.
-2313326
Convert 857b30 (base 15) to base 16.
60f55e
Convert -2eb97 (base 16) to base 14.
-4da63
50453330 (base 6) to base 15
1d6143
22013302203 (base 4) to base 16
287ca3
What is -343403 (base 9) in base 5?
-23042110
Convert 1a069 (base 13) to base 8.
142672
What is 5a615 (base 16) in base 13?
cc669
Convert 9a7600 (base 13) to base 5.
1413044030
-4b355 (base 14) to base 4
-231002333
Convert -3012165 (base 7) to base 2.
-1010110111100100010
Convert -302302321 (base 4) to base 13.
-73915
What is -1001010100011111010010 (base 2) in base 11?
-1419698
-6a894c (base 14) to base 8
-15673310
What is -1491128 (base 11) in base 4?
-21232110120
What is 2772d (base 14) in base 3?
11221200101
Convert -285c24 (base 13) to base 3.
-1211222221210
What is 597807 (base 11) in base 16?
e7474
Convert -1983920 (base 13) to base 11.
-4820945
-17857b (base 13) to base 7
-5004240
20419aa (base 12) to base 5
3022324231
27626 (base 8) to base 15
3922
Convert -35642600 (base 7) to base 16.
-305ffc
What is 12000111201 (base 3) in base 2?
11000000111100001
12a5575 (base 12) to base 16
3876e9
429062 (base 16) to base 11
250a542
-196979 (base 10) to base 5
-22300404
-210100001000 (base 3) to base 15
-84656
What is -221210121120 (base 3) in base 2?
-1111011111110110111
What is -11200022202222 (base 3) in base 10?
-2486456
Convert 170808 (base 10) to base 7.
1310661
What is 2102210202 (base 3) in base 2?
1011101101100100
220632 (base 7) to base 5
2214413
What is -120b57 (base 13) in base 5?
-102232341
Convert -5b74 (base 14) to base 15.
-4b03
Convert -522200425 (base 6) to base 5.
-4310120402
342023 (base 5) to base 11
9135
1893222 (base 11) to base 2
1100001100010001011101
-56664004 (base 7) to base 14
-92853b
Convert -12000405 (base 6) to base 15.
-75982
Convert -10b29a9 (base 12) to base 13.
-889215
Convert 20020131002 (base 4) to base 5.
1021204103
321211023 (base 4) to base 15
49d36
-112414310 (base 5) to base 15
-a2320
-3549056 (base 11) to base 13
-1389957
-2580477 (base 9) to base 5
-330123014
What is 865dc3 (base 16) in base 15?
b8e202
Convert 251514 (base 8) to base 11.
5a294
Convert 299d5 (base 14) to base 11.
70822
Convert -3413 (base 16) to base 7.
-53603
What is -11885 (base 11) in base 2?
-100001010001001
